{"id":685,"date":"2023-07-30T13:40:30","date_gmt":"2023-07-30T13:40:30","guid":{"rendered":"https:\/\/xn--moflore-7ya.com\/?post_type=product&#038;p=685"},"modified":"2023-07-31T21:02:13","modified_gmt":"2023-07-31T21:02:13","slug":"santa-sangriadetalles-mio-flore-16","status":"publish","type":"product","link":"https:\/\/m\u00edoflore.com\/?product=santa-sangriadetalles-mio-flore-16","title":{"rendered":"Santa sangr\u00eda+detalles M\u00edo Flore"},"content":{"rendered":"<p><strong>\u00a1Aviso! El precio es variable<\/strong><br \/>\nEl precio var\u00eda seg\u00fan personalizaci\u00f3n y detalles.<br \/>\nPara cotizar, consulta por WhatsApp<\/p>\n","protected":false},"excerpt":{"rendered":"<p class=\"selectable-text copyable-text iq0m558w g0rxnol2\" dir=\"ltr\"><span class=\"selectable-text copyable-text\"><strong>Tama\u00f1o:<\/strong> 1L<\/span><\/p>\n<p class=\"selectable-text copyable-text iq0m558w g0rxnol2\" dir=\"ltr\"><span class=\"selectable-text copyable-text\"><strong>Sabores:<\/strong> Tinta o maracuy\u00e1 <\/span><\/p>\n<p dir=\"ltr\">Producto 100% personalizable.<\/p>\n<p><strong>\u00bfQuieres este producto?<\/strong><br \/>\nCotizar al <a href=\"https:\/\/walink.co\/ad9c14\">WhatsApp<\/a> o por medio de <span class=\"x193iq5w xeuugli x13faqbe x1vvkbs x1xmvt09 x1lliihq x1s928wv xhkezso x1gmr53x x1cpjm7i x1fgarty x1943h6x xudqn12 x3x7a5m x6prxxf xvq8zen xo1l8bm xzsf02u x1yc453h\" dir=\"auto\">7186-8246<\/span><\/p>\n","protected":false},"featured_media":577,"template":"","meta":{"site-sidebar-layout":"default","site-content-layout":"default","ast-global-header-display":"","ast-banner-title-visibility":"","ast-main-header-display":"","ast-hfb-above-header-display":"","ast-hfb-below-header-display":"","ast-hfb-mobile-header-display":"","site-post-title":"","ast-breadcrumbs-content":"","ast-featured-img":"","footer-sml-layout":"","theme-transparent-header-meta":"default","adv-header-id-meta":"","stick-header-meta":"","header-above-stick-meta":"","header-main-stick-meta":"","header-below-stick-meta":""},"product_cat":[34],"product_tag":[],"jetpack_sharing_enabled":true,"_links":{"self":[{"href":"https:\/\/m\u00edoflore.com\/index.php?rest_route=\/wp\/v2\/product\/685"}],"collection":[{"href":"https:\/\/m\u00edoflore.com\/index.php?rest_route=\/wp\/v2\/product"}],"about":[{"href":"https:\/\/m\u00edoflore.com\/index.php?rest_route=\/wp\/v2\/types\/product"}],"wp:featuredmedia":[{"embeddable":true,"href":"https:\/\/m\u00edoflore.com\/index.php?rest_route=\/wp\/v2\/media\/577"}],"wp:attachment":[{"href":"https:\/\/m\u00edoflore.com\/index.php?rest_route=%2Fwp%2Fv2%2Fmedia&parent=685"}],"wp:term":[{"taxonomy":"product_cat","embeddable":true,"href":"https:\/\/m\u00edoflore.com\/index.php?rest_route=%2Fwp%2Fv2%2Fproduct_cat&post=685"},{"taxonomy":"product_tag","embeddable":true,"href":"https:\/\/m\u00edoflore.com\/index.php?rest_route=%2Fwp%2Fv2%2Fproduct_tag&post=685"}],"curies":[{"name":"wp","href":"https:\/\/api.w.org\/{rel}","templated":true}]}}