{"id":105,"date":"2023-07-27T20:46:32","date_gmt":"2023-07-27T20:46:32","guid":{"rendered":"https:\/\/xn--moflore-7ya.com\/?page_id=105"},"modified":"2024-09-13T21:11:57","modified_gmt":"2024-09-13T21:11:57","slug":"cuidado-de-las-flores","status":"publish","type":"page","link":"https:\/\/m\u00edoflore.com\/?page_id=105","title":{"rendered":"Cuidado de las flores"},"content":{"rendered":"\t\t<div data-elementor-type=\"wp-page\" data-elementor-id=\"105\" class=\"elementor elementor-105\">\n\t\t\t\t\t\t<section class=\"elementor-section elementor-top-section elementor-element elementor-element-a79582f elementor-section-boxed elementor-section-height-default elementor-section-height-default\" data-id=\"a79582f\" data-element_type=\"section\">\n\t\t\t\t\t\t<div class=\"elementor-container elementor-column-gap-default\">\n\t\t\t\t\t<div class=\"elementor-column elementor-col-50 elementor-top-column elementor-element elementor-element-a35fbe2\" data-id=\"a35fbe2\" data-element_type=\"column\">\n\t\t\t<div class=\"elementor-widget-wrap elementor-element-populated\">\n\t\t\t\t\t\t<div class=\"elementor-element elementor-element-e0f462e elementor-hidden-mobile elementor-widget elementor-widget-image\" data-id=\"e0f462e\" data-element_type=\"widget\" data-widget_type=\"image.default\">\n\t\t\t\t<div class=\"elementor-widget-container\">\n\t\t\t<style>\/*! elementor - v3.19.0 - 07-02-2024 *\/\n.elementor-widget-image{text-align:center}.elementor-widget-image a{display:inline-block}.elementor-widget-image a img[src$=\".svg\"]{width:48px}.elementor-widget-image img{vertical-align:middle;display:inline-block}<\/style>\t\t\t\t\t\t\t\t\t\t<img fetchpriority=\"high\" decoding=\"async\" width=\"797\" height=\"1024\" src=\"https:\/\/m\u00edoflore.com\/wp-content\/uploads\/2023\/07\/125-1-797x1024.jpg\" class=\"attachment-large size-large wp-image-124\" alt=\"\" srcset=\"http:\/\/m\u00edoflore.com\/wp-content\/uploads\/2023\/07\/125-1-797x1024.jpg 797w, http:\/\/m\u00edoflore.com\/wp-content\/uploads\/2023\/07\/125-1-233x300.jpg 233w, http:\/\/m\u00edoflore.com\/wp-content\/uploads\/2023\/07\/125-1-768x987.jpg 768w, http:\/\/m\u00edoflore.com\/wp-content\/uploads\/2023\/07\/125-1-600x771.jpg 600w, http:\/\/m\u00edoflore.com\/wp-content\/uploads\/2023\/07\/125-1.jpg 828w\" sizes=\"(max-width: 797px) 100vw, 797px\" \/>\t\t\t\t\t\t\t\t\t\t\t\t\t<\/div>\n\t\t\t\t<\/div>\n\t\t\t\t\t<\/div>\n\t\t<\/div>\n\t\t\t\t<div class=\"elementor-column elementor-col-50 elementor-top-column elementor-element elementor-element-c69e15c\" data-id=\"c69e15c\" data-element_type=\"column\">\n\t\t\t<div class=\"elementor-widget-wrap elementor-element-populated\">\n\t\t\t\t\t\t<div class=\"elementor-element elementor-element-847ab12 elementor-widget elementor-widget-heading\" data-id=\"847ab12\" data-element_type=\"widget\" data-widget_type=\"heading.default\">\n\t\t\t\t<div class=\"elementor-widget-container\">\n\t\t\t<style>\/*! elementor - v3.19.0 - 07-02-2024 *\/\n.elementor-heading-title{padding:0;margin:0;line-height:1}.elementor-widget-heading .elementor-heading-title[class*=elementor-size-]>a{color:inherit;font-size:inherit;line-height:inherit}.elementor-widget-heading .elementor-heading-title.elementor-size-small{font-size:15px}.elementor-widget-heading .elementor-heading-title.elementor-size-medium{font-size:19px}.elementor-widget-heading .elementor-heading-title.elementor-size-large{font-size:29px}.elementor-widget-heading .elementor-heading-title.elementor-size-xl{font-size:39px}.elementor-widget-heading .elementor-heading-title.elementor-size-xxl{font-size:59px}<\/style><h2 class=\"elementor-heading-title elementor-size-default\">\u00bfComo cuidar mis flores?<\/h2>\t\t<\/div>\n\t\t\t\t<\/div>\n\t\t\t\t<div class=\"elementor-element elementor-element-8910678 elementor-widget elementor-widget-text-editor\" data-id=\"8910678\" data-element_type=\"widget\" data-widget_type=\"text-editor.default\">\n\t\t\t\t<div class=\"elementor-widget-container\">\n\t\t\t<style>\/*! elementor - v3.19.0 - 07-02-2024 *\/\n.elementor-widget-text-editor.elementor-drop-cap-view-stacked .elementor-drop-cap{background-color:#69727d;color:#fff}.elementor-widget-text-editor.elementor-drop-cap-view-framed .elementor-drop-cap{color:#69727d;border:3px solid;background-color:transparent}.elementor-widget-text-editor:not(.elementor-drop-cap-view-default) .elementor-drop-cap{margin-top:8px}.elementor-widget-text-editor:not(.elementor-drop-cap-view-default) .elementor-drop-cap-letter{width:1em;height:1em}.elementor-widget-text-editor .elementor-drop-cap{float:left;text-align:center;line-height:1;font-size:50px}.elementor-widget-text-editor .elementor-drop-cap-letter{display:inline-block}<\/style>\t\t\t\t<p>Seguir estos consejos y recomendaciones te permitir\u00e1 disfrutar de tus arreglos florales durante mucho m\u00e1s tiempo, ya que favorecen la preservaci\u00f3n de la frescura y belleza de las flores. Al prestar atenci\u00f3n a los detalles del cuidado, podr\u00e1s extender significativamente la vida de las flores, asegur\u00e1ndote de que mantengan su esplendor durante d\u00edas e incluso semanas.<\/p>\t\t\t\t\t\t<\/div>\n\t\t\t\t<\/div>\n\t\t\t\t<div class=\"elementor-element elementor-element-357a86a elementor-hidden-desktop elementor-hidden-tablet elementor-widget elementor-widget-image\" data-id=\"357a86a\" data-element_type=\"widget\" data-settings=\"{&quot;_animation_mobile&quot;:&quot;fadeInLeft&quot;}\" data-widget_type=\"image.default\">\n\t\t\t\t<div class=\"elementor-widget-container\">\n\t\t\t\t\t\t\t\t\t\t\t\t\t<img fetchpriority=\"high\" decoding=\"async\" width=\"797\" height=\"1024\" src=\"https:\/\/m\u00edoflore.com\/wp-content\/uploads\/2023\/07\/125-1-797x1024.jpg\" class=\"attachment-large size-large wp-image-124\" alt=\"\" srcset=\"http:\/\/m\u00edoflore.com\/wp-content\/uploads\/2023\/07\/125-1-797x1024.jpg 797w, http:\/\/m\u00edoflore.com\/wp-content\/uploads\/2023\/07\/125-1-233x300.jpg 233w, http:\/\/m\u00edoflore.com\/wp-content\/uploads\/2023\/07\/125-1-768x987.jpg 768w, http:\/\/m\u00edoflore.com\/wp-content\/uploads\/2023\/07\/125-1-600x771.jpg 600w, http:\/\/m\u00edoflore.com\/wp-content\/uploads\/2023\/07\/125-1.jpg 828w\" sizes=\"(max-width: 797px) 100vw, 797px\" \/>\t\t\t\t\t\t\t\t\t\t\t\t\t<\/div>\n\t\t\t\t<\/div>\n\t\t\t\t\t<\/div>\n\t\t<\/div>\n\t\t\t\t\t<\/div>\n\t\t<\/section>\n\t\t\t\t<section class=\"elementor-section elementor-top-section elementor-element elementor-element-783c698 elementor-hidden-mobile elementor-section-boxed elementor-section-height-default elementor-section-height-default\" data-id=\"783c698\" data-element_type=\"section\" data-settings=\"{&quot;background_background&quot;:&quot;classic&quot;}\">\n\t\t\t\t\t\t<div class=\"elementor-container elementor-column-gap-default\">\n\t\t\t\t\t<div class=\"elementor-column elementor-col-50 elementor-top-column elementor-element elementor-element-0923f36\" data-id=\"0923f36\" data-element_type=\"column\">\n\t\t\t<div class=\"elementor-widget-wrap elementor-element-populated\">\n\t\t\t\t\t\t<div class=\"elementor-element elementor-element-0443c58 elementor-widget elementor-widget-heading\" data-id=\"0443c58\" data-element_type=\"widget\" data-widget_type=\"heading.default\">\n\t\t\t\t<div class=\"elementor-widget-container\">\n\t\t\t<h2 class=\"elementor-heading-title elementor-size-default\">Tips y recomendaciones<\/h2>\t\t<\/div>\n\t\t\t\t<\/div>\n\t\t\t\t<div class=\"elementor-element elementor-element-4dafec7 elementor-widget elementor-widget-text-editor\" data-id=\"4dafec7\" data-element_type=\"widget\" data-widget_type=\"text-editor.default\">\n\t\t\t\t<div class=\"elementor-widget-container\">\n\t\t\t\t\t\t\t<ol><li><strong>Usa agua limpia y fresca:<\/strong> Llena el jarr\u00f3n con agua limpia y fresca. Cambia el agua cada dos d\u00edas o cuando est\u00e9 turbia para evitar la acumulaci\u00f3n de bacterias.<\/li><li><strong>Retira hojas sumergidas:<\/strong> Aseg\u00farate de que no haya hojas sumergidas en el agua, ya que esto puede promover el crecimiento de bacterias.<\/li><li><strong>Evita la luz solar directa:<\/strong> Coloca los arreglos florales en un lugar fresco y alejado de la luz solar directa, ya que el calor y la luz intensa pueden acelerar el proceso de descomposici\u00f3n.<\/li><li><strong>Mant\u00e9n lejos de corrientes de aire:<\/strong> Evita colocar los arreglos florales cerca de ventanas abiertas, ventiladores o aires acondicionados, ya que las corrientes de aire pueden deshidratar las flores.<\/li><li><strong>Roc\u00eda agua:<\/strong> Si el ambiente est\u00e1 muy seco, roc\u00eda ligeramente agua sobre las flores para mantener su frescura.<\/li><li><strong>Elimina flores marchitas:<\/strong> Retira cualquier flor marchita o da\u00f1ada del arreglo para evitar que afecte a las dem\u00e1s flores.<\/li><li><strong>Reajusta el arreglo:<\/strong> A medida que algunas flores se marchitan m\u00e1s r\u00e1pido que otras, reajusta el arreglo para mantener su aspecto est\u00e9tico.<\/li><\/ol>\t\t\t\t\t\t<\/div>\n\t\t\t\t<\/div>\n\t\t\t\t\t<\/div>\n\t\t<\/div>\n\t\t\t\t<div class=\"elementor-column elementor-col-50 elementor-top-column elementor-element elementor-element-d8a15ca\" data-id=\"d8a15ca\" data-element_type=\"column\">\n\t\t\t<div class=\"elementor-widget-wrap elementor-element-populated\">\n\t\t\t\t\t\t<div class=\"elementor-element elementor-element-2b291bc elementor-widget elementor-widget-image\" data-id=\"2b291bc\" data-element_type=\"widget\" data-widget_type=\"image.default\">\n\t\t\t\t<div class=\"elementor-widget-container\">\n\t\t\t\t\t\t\t\t\t\t\t\t\t<img decoding=\"async\" width=\"768\" height=\"1024\" src=\"https:\/\/m\u00edoflore.com\/wp-content\/uploads\/2023\/07\/22-768x1024.jpg\" class=\"attachment-large size-large wp-image-150\" alt=\"\" srcset=\"http:\/\/m\u00edoflore.com\/wp-content\/uploads\/2023\/07\/22-768x1024.jpg 768w, http:\/\/m\u00edoflore.com\/wp-content\/uploads\/2023\/07\/22-225x300.jpg 225w, http:\/\/m\u00edoflore.com\/wp-content\/uploads\/2023\/07\/22-1152x1536.jpg 1152w, http:\/\/m\u00edoflore.com\/wp-content\/uploads\/2023\/07\/22-600x800.jpg 600w, http:\/\/m\u00edoflore.com\/wp-content\/uploads\/2023\/07\/22.jpg 1536w\" sizes=\"(max-width: 768px) 100vw, 768px\" \/>\t\t\t\t\t\t\t\t\t\t\t\t\t<\/div>\n\t\t\t\t<\/div>\n\t\t\t\t\t<\/div>\n\t\t<\/div>\n\t\t\t\t\t<\/div>\n\t\t<\/section>\n\t\t\t\t<section class=\"elementor-section elementor-top-section elementor-element elementor-element-3dc96e8 elementor-hidden-desktop elementor-hidden-tablet elementor-section-boxed elementor-section-height-default elementor-section-height-default\" data-id=\"3dc96e8\" data-element_type=\"section\">\n\t\t\t\t\t\t<div class=\"elementor-container elementor-column-gap-default\">\n\t\t\t\t\t<div class=\"elementor-column elementor-col-50 elementor-top-column elementor-element elementor-element-c379ce2\" data-id=\"c379ce2\" data-element_type=\"column\">\n\t\t\t<div class=\"elementor-widget-wrap elementor-element-populated\">\n\t\t\t\t\t\t<div class=\"elementor-element elementor-element-bf46d6f elementor-widget elementor-widget-heading\" data-id=\"bf46d6f\" data-element_type=\"widget\" data-widget_type=\"heading.default\">\n\t\t\t\t<div class=\"elementor-widget-container\">\n\t\t\t<h2 class=\"elementor-heading-title elementor-size-default\">Tips y recomendaciones<\/h2>\t\t<\/div>\n\t\t\t\t<\/div>\n\t\t\t\t<div class=\"elementor-element elementor-element-65b16cf elementor-widget elementor-widget-text-editor\" data-id=\"65b16cf\" data-element_type=\"widget\" data-widget_type=\"text-editor.default\">\n\t\t\t\t<div class=\"elementor-widget-container\">\n\t\t\t\t\t\t\t<ul><li><strong>Usa agua limpia y fresca:<\/strong> Llena el jarr\u00f3n con agua limpia y fresca. Cambia el agua cada dos d\u00edas o cuando est\u00e9 turbia para evitar la acumulaci\u00f3n de bacterias.<\/li><li><strong>Retira hojas sumergidas:<\/strong> Aseg\u00farate de que no haya hojas sumergidas en el agua, ya que esto puede promover el crecimiento de bacterias.<\/li><li><strong>Evita la luz solar directa:<\/strong> Coloca los arreglos florales en un lugar fresco y alejado de la luz solar directa, ya que el calor y la luz intensa pueden acelerar el proceso de descomposici\u00f3n.<\/li><\/ul>\t\t\t\t\t\t<\/div>\n\t\t\t\t<\/div>\n\t\t\t\t\t<\/div>\n\t\t<\/div>\n\t\t\t\t<div class=\"elementor-column elementor-col-50 elementor-top-column elementor-element elementor-element-1ec10f4\" data-id=\"1ec10f4\" data-element_type=\"column\">\n\t\t\t<div class=\"elementor-widget-wrap elementor-element-populated\">\n\t\t\t\t\t\t<div class=\"elementor-element elementor-element-3d0c573 elementor-widget elementor-widget-image\" data-id=\"3d0c573\" data-element_type=\"widget\" data-settings=\"{&quot;_animation_mobile&quot;:&quot;fadeInRight&quot;}\" data-widget_type=\"image.default\">\n\t\t\t\t<div class=\"elementor-widget-container\">\n\t\t\t\t\t\t\t\t\t\t\t\t\t<img decoding=\"async\" width=\"768\" height=\"1024\" src=\"https:\/\/m\u00edoflore.com\/wp-content\/uploads\/2023\/07\/22-768x1024.jpg\" class=\"attachment-large size-large wp-image-150\" alt=\"\" srcset=\"http:\/\/m\u00edoflore.com\/wp-content\/uploads\/2023\/07\/22-768x1024.jpg 768w, http:\/\/m\u00edoflore.com\/wp-content\/uploads\/2023\/07\/22-225x300.jpg 225w, http:\/\/m\u00edoflore.com\/wp-content\/uploads\/2023\/07\/22-1152x1536.jpg 1152w, http:\/\/m\u00edoflore.com\/wp-content\/uploads\/2023\/07\/22-600x800.jpg 600w, http:\/\/m\u00edoflore.com\/wp-content\/uploads\/2023\/07\/22.jpg 1536w\" sizes=\"(max-width: 768px) 100vw, 768px\" \/>\t\t\t\t\t\t\t\t\t\t\t\t\t<\/div>\n\t\t\t\t<\/div>\n\t\t\t\t\t<\/div>\n\t\t<\/div>\n\t\t\t\t\t<\/div>\n\t\t<\/section>\n\t\t\t\t<section class=\"elementor-section elementor-top-section elementor-element elementor-element-e8d1922 elementor-hidden-desktop elementor-hidden-tablet elementor-section-boxed elementor-section-height-default elementor-section-height-default\" data-id=\"e8d1922\" data-element_type=\"section\">\n\t\t\t\t\t\t<div class=\"elementor-container elementor-column-gap-default\">\n\t\t\t\t\t<div class=\"elementor-column elementor-col-100 elementor-top-column elementor-element elementor-element-be72021\" data-id=\"be72021\" data-element_type=\"column\">\n\t\t\t<div class=\"elementor-widget-wrap elementor-element-populated\">\n\t\t\t\t\t\t<div class=\"elementor-element elementor-element-0a51faa elementor-widget elementor-widget-text-editor\" data-id=\"0a51faa\" data-element_type=\"widget\" data-widget_type=\"text-editor.default\">\n\t\t\t\t<div class=\"elementor-widget-container\">\n\t\t\t\t\t\t\t<ul><li><strong>Mant\u00e9n lejos de corrientes de aire:<\/strong> Evita colocar los arreglos florales cerca de ventanas abiertas, ventiladores o aires acondicionados, ya que las corrientes de aire pueden deshidratar las flores.<\/li><li><strong>Roc\u00eda agua:<\/strong> Si el ambiente est\u00e1 muy seco, roc\u00eda ligeramente agua sobre las flores para mantener su frescura.<\/li><li><strong>Elimina flores marchitas:<\/strong> Retira cualquier flor marchita o da\u00f1ada del arreglo para evitar que afecte a las dem\u00e1s flores.<\/li><li><strong>Reajusta el arreglo:<\/strong> A medida que algunas flores se marchitan m\u00e1s r\u00e1pido que otras, reajusta el arreglo para mantener su aspecto est\u00e9tico.<\/li><\/ul>\t\t\t\t\t\t<\/div>\n\t\t\t\t<\/div>\n\t\t\t\t\t<\/div>\n\t\t<\/div>\n\t\t\t\t\t<\/div>\n\t\t<\/section>\n\t\t\t\t<\/div>\n\t\t","protected":false},"excerpt":{"rendered":"<p>\u00bfComo cuidar mis flores? Seguir estos consejos y recomendaciones te permitir\u00e1 disfrutar de tus arreglos florales durante mucho m\u00e1s tiempo, ya que favorecen la preservaci\u00f3n de la frescura y belleza de las flores. Al prestar atenci\u00f3n a los detalles del cuidado, podr\u00e1s extender significativamente la vida de las flores, asegur\u00e1ndote de que mantengan su esplendor &hellip;<\/p>\n<p class=\"read-more\"> <a class=\"\" href=\"https:\/\/m\u00edoflore.com\/?page_id=105\"> <span class=\"screen-reader-text\">Cuidado de las flores<\/span> Leer m\u00e1s &raquo;<\/a><\/p>\n","protected":false},"author":1,"featured_media":0,"parent":0,"menu_order":0,"comment_status":"closed","ping_status":"closed","template":"","meta":{"site-sidebar-layout":"no-sidebar","site-content-layout":"page-builder","ast-global-header-display":"","ast-banner-title-visibility":"","ast-main-header-display":"","ast-hfb-above-header-display":"","ast-hfb-below-header-display":"","ast-hfb-mobile-header-display":"","site-post-title":"disabled","ast-breadcrumbs-content":"","ast-featured-img":"disabled","footer-sml-layout":"","theme-transparent-header-meta":"","adv-header-id-meta":"","stick-header-meta":"","header-above-stick-meta":"","header-main-stick-meta":"","header-below-stick-meta":"","footnotes":""},"jetpack_sharing_enabled":true,"_links":{"self":[{"href":"https:\/\/m\u00edoflore.com\/index.php?rest_route=\/wp\/v2\/pages\/105"}],"collection":[{"href":"https:\/\/m\u00edoflore.com\/index.php?rest_route=\/wp\/v2\/pages"}],"about":[{"href":"https:\/\/m\u00edoflore.com\/index.php?rest_route=\/wp\/v2\/types\/page"}],"author":[{"embeddable":true,"href":"https:\/\/m\u00edoflore.com\/index.php?rest_route=\/wp\/v2\/users\/1"}],"replies":[{"embeddable":true,"href":"https:\/\/m\u00edoflore.com\/index.php?rest_route=%2Fwp%2Fv2%2Fcomments&post=105"}],"version-history":[{"count":35,"href":"https:\/\/m\u00edoflore.com\/index.php?rest_route=\/wp\/v2\/pages\/105\/revisions"}],"predecessor-version":[{"id":1892,"href":"https:\/\/m\u00edoflore.com\/index.php?rest_route=\/wp\/v2\/pages\/105\/revisions\/1892"}],"wp:attachment":[{"href":"https:\/\/m\u00edoflore.com\/index.php?rest_route=%2Fwp%2Fv2%2Fmedia&parent=105"}],"curies":[{"name":"wp","href":"https:\/\/api.w.org\/{rel}","templated":true}]}}